 is the highest common factor of 77815 and 921535?
395
Calculate the highest common divisor of 917 and 831171551.
917
What is the greatest common factor of 2766457 and 817?
19
Calculate the greatest common divisor of 885060 and 23210.
110
What is the highest common divisor of 1959 and 505041?
3
Calculate the greatest common divisor of 580 and 573783270.
290
What is the highest common factor of 1962 and 538133?
109
Calculate the highest common factor of 9664448 and 76.
4
What is the highest common factor of 40329856 and 192?
64
Calculate the highest common divisor of 16447112 and 8184.
2728
What is the highest common divisor of 154686 and 8332338?
1218
Calculate the highest common factor of 1347098 and 142.
2
What is the highest common divisor of 13208 and 480060?
508
Calculate the greatest common factor of 129595174 and 2.
2
Calculate the highest common factor of 20310 and 326790.
30
Calculate the highest common factor of 1021681 and 371.
53
What is the greatest common divisor of 391092 and 2132?
52
What is the greatest common divisor of 7226 and 1097?
1
What is the highest common divisor of 51 and 15609859?
17
What is the highest common factor of 66787950 and 1626?
1626
What is the greatest common factor of 1390914 and 1069206?
9462
What is the highest common divisor of 189088189 and 62?
31
What is the greatest common divisor of 120 and 700170?
30
Calculate the highest common divisor of 1955 and 67522710.
115
What is the greatest common factor of 292160 and 144752?
1328
Calculate the greatest common factor of 19275730 and 10.
10
What is the highest common factor of 38148 and 2672961?
867
What is the greatest common factor of 1180 and 58994690?
590
What is the highest common factor of 6484412 and 3740?
748
What is the greatest common divisor of 462 and 3829252?
14
What is the greatest common divisor of 1920 and 100301520?
240
What is the highest common divisor of 1169689 and 21852?
607
Calculate the highest common factor of 658329 and 7728.
483
What is the highest common factor of 1190 and 13628650?
70
What is the highest common factor of 9 and 56504187?
9
What is the highest common factor of 5440877 and 39337?
139
What is the highest common factor of 2149563 and 153?
3
Calculate the highest common divisor of 688 and 3059273872.
688
Calculate the greatest common divisor of 18220414 and 542.
542
Calculate the highest common factor of 8334 and 630606.
2778
What is the greatest common factor of 4252 and 5711499?
1063
What is the greatest common factor of 849 and 44703246?
849
Calculate the greatest common factor of 5880 and 19437810.
1470
What is the highest common factor of 2982 and 1321404?
42
Calculate the greatest common factor of 44519230 and 1162.
14
What is the highest common divisor of 16976220 and 1116?
372
Calculate the greatest common factor of 826522543 and 1078.
539
What is the highest common factor of 4543 and 1121967?
77
What is the greatest common divisor of 1085 and 35055265?
1085
Calculate the greatest common factor of 190 and 2015630.
10
What is the highest common factor of 33 and 48897057?
33
What is the greatest common factor of 743361244 and 9006?
3002
What is the highest common factor of 1666 and 30713543?
833
Calculate the highest common divisor of 494147950 and 146.
146
Calculate the greatest common divisor of 429 and 4491344.
143
Calculate the greatest common factor of 4268 and 229114.
194
What is the greatest common factor of 63 and 95642631?
63
Calculate the greatest common divisor of 179020 and 132970.
10
What is the greatest common divisor of 40 and 77497480?
40
Calculate the highest common divisor of 94697 and 23927.
337
What is the highest common divisor of 9180655 and 91235?
355
Calculate the highest common divisor of 12150677 and 4312.
539
What is the highest common factor of 1887470 and 260?
130
What is the greatest common divisor of 2499 and 289901?
17
Calculate the greatest common divisor of 450 and 18743760.
90
What is the highest common factor of 69584522 and 966?
322
Calculate the highest common divisor of 39520 and 11017760.
2080
What is the highest common factor of 36245 and 2299?
11
What is the highest common factor of 42 and 23746674?
42
Calculate the highest common factor of 5410911 and 3795.
759
What is the highest common divisor of 1679 and 3886958?
73
What is the highest common divisor of 46704 and 2411094?
5838
Calculate the greatest common divisor of 74257362 and 8022.
1146
What is the greatest common divisor of 27144 and 382824?
936
What is the highest common divisor of 19818 and 21735?
27
What is the greatest common divisor of 40156646 and 28432?
3554
What is the highest common divisor of 23 and 4909594?
1
What is the greatest common factor of 17682 and 2562?
42
Calculate the greatest common divisor of 536 and 61937212.
268
Calculate the greatest common divisor of 10534634 and 1870.
22
Calculate the highest common divisor of 288 and 1044999.
9
Calculate the greatest common factor of 3002684 and 13148.
76
What is the highest common factor of 16 and 726166?
2
Calculate the greatest common divisor of 10538090 and 10.
10
What is the highest common factor of 51893451 and 207?
207
Calculate the highest common divisor of 2493720 and 248.
8
Calculate the greatest common divisor of 194743 and 3080873.
149
What is the highest common divisor of 26619 and 6769632?
1401
Calculate the greatest common divisor of 2874729 and 4719.
429
What is the greatest common divisor of 200902064 and 3760?
752
What is the greatest common divisor of 239323276 and 4052?
4052
Calculate the greatest common divisor of 824 and 173333653.
103
What is the greatest common divisor of 22005 and 357092739?
4401
What is the greatest common factor of 598145 and 39725?
1135
What is the highest common factor of 863675 and 85920?
895
Calculate the greatest common divisor of 185 and 6020085.
185
Calculate the greatest common divisor of 87616 and 25600300.
5476
Calculate the greatest common factor of 50778 and 374914.
62
Calculate the highest common divisor of 1728 and 1577408.
64
Calculate the highest common divisor of 6902 and 161806.
34
What is the highest common divisor of 502 and 7377894?
502
Calculate the greatest common divisor of 187883142 and 1809.
201
What is the greatest common factor of 11348640 and 38880?
4320
What is the highest common divisor of 16524 and 10268?
68
What is the highest common factor of 6321 and 6565412?
2107
What is the greatest common divisor of 6 and 643289970?
6
Calculate the highest common divisor of 78385800 and 15.
15
What is the highest common divisor of 28100 and 1945644?
1124
What is the highest common factor of 10 and 6325540?
10
What is the greatest common divisor of 276404110 and 1610?
230
Calculate the highest common divisor of 234 and 7101.
9
What is the highest common factor of 78312528 and 10584?
1512
Calculate the greatest common factor of 9417020 and 1189580.
5860
Calculate the highest common factor of 291915448 and 220.
44
Calculate the highest common factor of 1965569 and 2774.
19
Calculate the greatest common factor of 84724 and 272.
4
What is the greatest common factor of 20769 and 1071?
21
Calculate the greatest common factor of 6075 and 13467.
3
Calculate the highest common factor of 2234691 and 162.
9
What is the highest common factor of 142 and 36359171?
71
What is the greatest common divisor of 63713120 and 32?
32
Calculate the greatest common divisor of 3026065 and 27125.
1085
What is the greatest common divisor of 8167937 and 87?
29
What is the greatest common factor of 2605309 and 18359?
1669
Calculate the greatest common divisor of 10240 and 2418560.
640
What is the greatest common divisor of 415165 and 15185?
5
Calculate the greatest common divisor of 3723840 and 1088.
64
Calculate the greatest common divisor of 145412311 and 1474.
737
Calculate the greatest common divisor of 1488382081 and 38.
19
Calculate the greatest common factor of 303 and 74901.
3
What is the greatest common factor of 413 and 19332176?
59
Calculate the highest common divisor of 10058676 and 323.
19
What is the greatest common factor of 75098341 and 239?
239
Calculate the highest common factor of 493 and 86087921.
29
What is the greatest common factor of 23156 and 22075111?
827
What is the highest common 